7. Let v(r) = -5*r**3 + 17*r**2 - 26*r + 78. Let p(s) = -4*l(s) - 7*v(s). What is the hundreds digit of p(14)?
3
Let d(k) be the first derivative of 5*k**4 - 4*k**3/3 - 7*k**2/2 - 29. Let c be d(-5). What is the hundreds digit of (-2)/(3/(c/10))?
1
Let x(q) = -q**3 - 4*q**2 + 8*q + 13. Let h be x(-5). Let w be h - ((-6)/(-2) - 8). Suppose -w*a = -11*a + 472. What is the tens digit of a?
5
What is the thousands digit of ((-754280)/(-90))/2 - (-8)/(-18)?
4
Let d(c) = -c**2 - 5*c - 7. Let m be d(-2). Let y be (-2 - 2916/(-16)) + m/4. Suppose -3*b = -8*b + y. What is the tens digit of b?
3
Suppose -563360 = -61*m - 4*m - 5*m. What is the hundreds digit of m?
0
Let f = -36 + 39. Let x(h) = -75*h + 28. Let c(t) = -76*t + 27. Let o(y) = 3*c(y) - 4*x(y). What is the tens digit of o(f)?
8
Let x(c) = 12*c**2 - 35*c - 29. Let w be x(12). Let d = w + -817. What is the tens digit of d?
6
What is the ten thousands digit of (30 - -15) + 22377 + (-7)/(-1)?
2
Suppose 253936 = -81687*w + 81695*w. What is the ten thousands digit of w?
3
Let k = 35963 + -23912. What is the hundreds digit of k?
0
Suppose 63*o - 588139 = 519971 - 138981. What is the hundreds digit of o?
3
Let u(q) = q**2 + 5*q + 8. Let g be u(-4). Let h be 56/(-14)*g/((-16)/(-6)). What is the units digit of (4 + h + 3)*19/1?
9
Let t(g) = 16*g**3 - 2*g**2 - 21*g + 45. Let j(p) = 47*p**3 - 7*p**2 - 61*p + 134. Let w(o) = 6*j(o) - 17*t(o). What is the tens digit of w(6)?
5
Let w(y) = y**3 + 3*y**2 - 10*y - 3. Let q be w(7). Let g = q + -194. What is the hundreds digit of g?
2
Let s(z) = -5*z**2 + 228*z + 69. What is the thousands digit of s(18)?
2
What is the thousands digit of 2/((9/45)/(-1)) + 56338?
6
Let r(b) = -b**2 + 26. Let u be r(-5). Let w be 70/(-14) - (u + -6). Suppose -3*p = z - 88, 3*z = -w*z - 5*p + 276. What is the units digit of z?
7
Suppose -105 = 4*j - 3*j. Let x be (-4635)/j - 1/7. What is the units digit of (-4 - 3/(-3)) + x?
1
Let v be (-870)/(-170) - 2/17*1. Suppose -5*f + 4 = 14, -5*x + 3020 = v*f. What is the tens digit of x?
0
Suppose 22 = 2*c + 9*c. Let s be 30*c/(-3)*-4. Suppose 2*y - s - 372 = 0. What is the tens digit of y?
2
Let c = -1610 - -6353. Suppose 5*j - c - 1857 = 0. What is the thousands digit of j?
1
Let g(d) = 14 - 4*d**2 + d**2 + 8*d**2 + 2*d**2 + 55*d - 4*d**2. What is the thousands digit of g(12)?
1
Let m = -3144 - -4452. What is the hundreds digit of m?
3
Suppose -a - 1031 = -3*n, -3*a = -15 + 3. Suppose -42*d + 873 + n = 0. What is the units digit of d?
9
What is the thousands digit of (-3 - 0)*((-89470)/30 - (-2 - 2))?
8
Suppose -68*g - 4*l - 7912 = -70*g, g + l - 3947 = 0. What is the tens digit of g?
5
Let m = 9000 + -5159. What is the tens digit of m?
4
Suppose 34*r = 100 + 70. Suppose 3*l = -r*y + 1187, -4*l + 959 + 613 = -4*y. What is the hundreds digit of l?
3
Let x be 10128/5 - 24/(-60)*1. Suppose -5*b + x = -1079. What is the units digit of b?
1
What is the thousands digit of 4 + ((-208)/520)/((-2)/(38259 + 1))?
7
Let j(b) = b**2 + 2*b + 4. Let g be j(0). Let v be 149 - 1 - 16/g. Suppose 132 = 4*c - v. What is the units digit of c?
9
Let l(q) = 9*q**2 - 11*q - 38. Let t(h) = 10*h**2 - 13*h - 37. Let z(r) = 4*l(r) - 3*t(r). What is the tens digit of z(10)?
0
Let u be (-38)/(8/(-1284)*3). Let d = 2949 - u. What is the units digit of d?
6
Suppose 1850 = 4*h + 3*t - 5*t, 0 = -h - 2*t + 450. Suppose 5*b + 865 = 2*l, -b - 870 - h = -3*l. What is the hundreds digit of l?
4
Suppose -24*z - 3392691 = 412*z - 9252531. What is the hundreds digit of z?
4
Suppose -198386 = 179*h - 2123889. What is the tens digit of h?
5
Suppose -20 = 1400*s - 1404*s. Suppose 0 = -s*l - 4*f + 7384 + 1659, 2*f = -4*l + 7232. What is the thousands digit of l?
1
Let f = -164 - 36. Let h = -599 - f. What is the units digit of 2/3 + h/(-63)?
7
Suppose -2*w = 0, 6*m - 2 = 5*m + 5*w. Suppose 3*z + 4*j - 24 = 5, -11 = -m*z - j. What is the units digit of (z - 6)*(-22)/3?
2
Let b be 9824*(-2 - (2 - 5)) + 3. Suppose -13*n + 15276 + b = 0. What is the hundreds digit of n?
9
Let b = -407 + 437. What is the hundreds digit of (13/(-130)*-138)/(1/b)?
4
Let c(q) = 8720*q**2 - 24*q - 23. What is the units digit of c(-1)?
1
Suppose k - 2*k - 4*p = 4, -5*p - 30 = -5*k. Suppose 0 = -3*i - k*i + 3605. What is the hundreds digit of i?
5
Let v = 27333 + -11297. What is the hundreds digit of v?
0
Suppose 0 = -3*u - s, -5*u - s + 0*s = 0. Suppose -3*t - 2*t + 1520 = u. What is the tens digit of t?
0
Suppose 0 = -3*v + 21 - 12. What is the units digit of -2*(-4 - (v + -4)*-2)?
2
Let j be 8/2 - -4*584/32. Suppose -3*z - 5 = 2*t + 43, 0 = 3*z - 2*t + 48. Let p = j - z. What is the tens digit of p?
9
Let u(g) = 2*g**3 + 6*g**2 + 7*g - 61. Let q be u(-10). Let f = 2235 + q. What is the tens digit of f?
0
Let z = -109 - -128. Suppose -z*f + 16*f + 15 = 0, -2*q = 4*f - 872. What is the units digit of q?
6
Let c(d) = 320*d - 8387. What is the ten thousands digit of c(151)?
3
Let p(h) = h**2 + 12 + 11 + 310*h**3 + 14 + 2*h - 39. What is the hundreds digit of p(1)?
3
Let o be 2*1/(-2) + 3. Suppose 2*q + 4*d - 482 = 0, -4*d - 629 + 115 = -o*q. Suppose -3*l + 0*j + q = 4*j, 0 = 5*j + 15. What is the units digit of l?
7
Let p = 45739 + 10564. What is the units digit of p?
3
Let x = 156 + -91. Let a = x - 32. Suppose a*p = 32*p + 127. What is the tens digit of p?
2
Let n(l) = 27*l**2 - 101*l + 37. What is the hundreds digit of n(19)?
8
Let x = -12172 - -32095. What is the thousands digit of x?
9
Suppose 73*g - 172*g = -880308. What is the units digit of g?
2
Suppose 1668459 = 70*f - 805901. What is the hundreds digit of f?
3
Suppose 2*c = -4*h + 17752, 12*h - 16*h + 35520 = 4*c. What is the hundreds digit of c?
8
Let i(m) = -26*m**3 + 9*m**2 - 11*m - 28. Let y be i(-13). Suppose -38*s + y = -21612. What is the hundreds digit of s?
1
Suppose -3*k + 20 - 2 = 0. Let l be 0/(-2 + -3 + k). Suppose l = 2*j - 2*w - 10, -3*w = 3*j - j - 10. What is the units digit of j?
5
Let u(z) = -19*z**3 + 16*z**2 + 38*z + 40. What is the tens digit of u(-10)?
6
Let w be -2 - 1/1 - (-1 - 6). Suppose 0 = -4*h + 3*j - 11561, -518 = 3*h - w*j + 8158. What is the tens digit of 4/22 + h/(-88)?
3
Let r be (4/(-3))/(4/(-6)). Suppose 2*a + 5*i - 61 = 37, 0 = r*a + i - 106. Suppose -p + a = p. What is the tens digit of p?
2
Suppose 0*x - 8*x + 16 = 0. Suppose -2*u = x*u + 4. What is the units digit of (-22 + 4 + -7)/u?
5
Let q(k) = 104*k - 63. Suppose 0*s = 14*s - 42. What is the hundreds digit of q(s)?
2
Suppose 0 = 12*n - 2*p - 896704, -5*n + 134*p = 138*p - 373588. What is the tens digit of n?
2
Let k = -31677 + 62057. What is the units digit of k?
0
Let j(a) = a**3 - 8*a**2 + 3*a - 13. Let m be j(8). Let r(l) = 8 - 28*l + 2 - m. What is the hundreds digit of r(-10)?
2
Let m = 1521 - -11207. What is the ten thousands digit of m?
1
Suppose -7*u - 166 + 243 = 0. Let q be -4 + 1 + 1/1. What is the units digit of q/u + (-332)/(-11)?
0
Let p = 82 + -161. Let m = p + 91. Suppose -t + m = -42. What is the tens digit of t?
5
Let t = -37 - -75. Let w be 15/(-5) + t/1. Let m = 57 - w. What is the tens digit of m?
2
What is the hundreds digit of 43/(258/36) - -7016?
0
Let f = -155 - -160. Suppose -f*p + 1093 = -727. What is the units digit of p?
4
Suppose -4*o = -66*o + 426684. What is the units digit of o?
2
Suppose -69 - 207 = -6*g. Let h = -17 + g. Suppose 2*w - h = -s + 2, -4*w - 5*s + 53 = 0. What is the tens digit of w?
1
Let c = 9265 - -8243. What is the hundreds digit of c?
5
Suppose -93256 = -4*j - 2*c, -340*j + 46640 = -338*j + 3*c. What is the hundreds digit of j?
3
Suppose -v - 10*v = -22. Let s(g) = g**2 + 3*g**v - 5*g - 606 + 599. What is the tens digit of s(3)?
1
Let w(p) = 10*p**2 - 15*p - 51. Let t be w(-6). Suppose 5*x = u - t, 268 + 115 = u - x. What is the tens digit of u?
7
Let o(k) = 4*k**2 + 44*k - 62. Let d be o(-12). Let w(z) = -z**2 - 3*z. Let p be w(-4). What is the units digit of p/d*(-112)/(-4)?
8
Let i(w) = 29*w + 7. Let n be (6/(-8))/(6/168). Let o = n - -23. What is the units digit of i(o)?
5
What is the thousands digit of (-22 + 20 - 11) + 3253?
3
Let t = -57 + 80. Let r = 71 - t. Let p = 90 - r. What is the units digit of p?
2
Let p be (-2 - -1) + 120 + (-6 - -1). Suppose -19 = -4*f - 5*a - 71, 62 = -3*f + 2*a. Wha